t - 0*t - 56. Let n = t - -30. Suppose 0 = 3*f - o - 106, f + 30 = n*f - 3*o. What is the tens digit of f?
3
Let q = -30 - -292. What is the tens digit of q?
6
Let o(m) = m**2 - 10*m - 4. Let u be o(11). Let h = u - 5. Suppose 16 = h*y - 26. What is the tens digit of y?
2
Suppose -m + 10 = q, -22 = -4*q - 2*m + 26. What is the tens digit of (2 + 4)*105/q?
4
Suppose 78*z + 70835 = 306629. What is the units digit of z?
3
Let s(b) = 1 - b + 1 - 6. Let u be s(-8). Suppose -5*q + 82 + 68 = -5*k, u*k + 92 = 3*q. What is the units digit of q?
8
What is the tens digit of (9/6)/(5 - (-26142)/(-5232))?
3
Let i(v) = v**2 + 2*v + 1. Let f(t) = -4*t - 3. Let k be f(0). What is the units digit of i(k)?
4
Let x = -887 + 1546. What is the hundreds digit of x?
6
Let c(r) = -11*r - 33. Let q(i) = 11*i + 32. Let j(f) = 5*c(f) + 4*q(f). What is the tens digit of j(-9)?
6
Suppose 2*n + 2*v = -3*n + 19, -20 = -n + 5*v. Suppose 152 = 4*m - 2*c, 18 + 169 = n*m - c. What is the tens digit of m?
3
Let o(a) = a**2 - a - 9. Let i be o(4). Let d(m) = 84*m - 11. What is the hundreds digit of d(i)?
2
Let h be -10 + 41 + 4*1. Suppose b - h = -0*b. What is the units digit of 126/b*5/2?
9
Let c = -8 + 4. Suppose -8*m + 3*m = -u - 133, -m + 3*u + 35 = 0. Let x = c + m. What is the units digit of x?
2
Let q(v) = -11*v**2 + 12*v**2 - 9*v - 9 - 4. What is the units digit of q(-6)?
7
Let h(b) = -28*b - 54. What is the tens digit of h(-14)?
3
What is the tens digit of (3462/(-9))/((-12)/18)?
7
Let o = 1784 - 951. What is the units digit of o?
3
Let d(h) = h**3 + 16*h**2 - 19*h - 25. What is the units digit of d(-17)?
9
Let j(x) = x**3 + 45*x**2 - 7*x - 85. What is the hundreds digit of j(-44)?
1
Suppose 0 = -2*y - r + 315, -5*r + 43 = y - 128. What is the hundreds digit of y?
1
Let u = -1631 - -2832. Suppose 0 = -5*k + 2*p + u, 2*k = -3*p + 293 + 195. What is the units digit of k?
1
Suppose -4*i = -5*u - 41, 5*i = -5*u + u. Let g be 6*u/((-15)/(-4)). What is the units digit of (-86)/(-3) - g/24?
9
Let r = 1515 - 790. What is the units digit of r?
5
Let d = -14 + 18. Suppose 86 = d*y - 2*y. What is the tens digit of y?
4
Let i = -154 + 521. What is the units digit of i?
7
Suppose 5*j = 5*l + 45, 0*j - 4*j - 3*l = -43. Let p be ((-4)/j)/((-7)/210). Suppose p*g - 145 = 7*g. What is the tens digit of g?
2
Let h(o) = 7*o - 4. Let n(t) = -t - 1. Let d(v) = h(v) + n(v). Let p be d(2). Suppose 0 = 4*i - p*i + 6. What is the units digit of i?
2
What is the hundreds digit of ((-2)/3)/((-14)/8337)?
3
Let o(w) = 4*w - 2. Let t = -14 - -16. Let n be o(t). What is the tens digit of 23 - (0 + (3 - n))?
2
Suppose -3*f - 4*d + 18 = -0*f, -4*f - 7 = -5*d. Suppose 5*u = f*u + 12. Suppose 177 = 4*h + 3*n, -5*h + n = -u*h - 46. What is the units digit of h?
5
Let r(u) = 2*u + 44 + 23 - 11*u - 10*u. What is the tens digit of r(-8)?
1
Let w = -9 - -13. Suppose q + w*n - 46 = 0, 97 - 16 = 2*q - 3*n. What is the tens digit of ((-108)/q)/(3/(-14))?
1
Let i = -13 - -15. Suppose -i*t - 3*g = -259, -5*t + g - 257 = -7*t. Suppose t = 4*x - d, 2*x - x + d = 27. What is the units digit of x?
1
Let a(l) = 3*l - 8. Let o be a(4). Suppose -o*u + 167 = -5*v - 137, 0 = -u + 2*v + 73. What is the units digit of u?
1
Suppose -2*l + 622 = -3*o - o, 5*l = -o + 1500. What is the hundreds digit of l?
3
Let q(r) = 2*r**2 + 11*r + 8. Let i be 2/(-4) - 17/2. Let j = i + 3. What is the tens digit of q(j)?
1
Suppose 4*f + 5*q - 1027 = 0, f + 2*q - 3*q = 268. Suppose 3*p - 167 = -2*n, n + f = 5*p + 2. What is the units digit of p?
3
Let q(i) = -6*i**2 + i + 7. Let m be q(-3). Let w = m - -195. What is the units digit of w?
5
Let o(g) = 184*g - 68. What is the units digit of o(2)?
0
Suppose -4*q - 9*l = -10*l - 1869, 0 = q - 4*l - 471. What is the tens digit of q?
6
Suppose -2*n - 8 = 4*d, -3*n + 5*d = -19 - 2. Let i = 6 - 1. Suppose 6*o - 85 = n*o - x, i*x = -2*o + 65. What is the tens digit of o?
2
Suppose x - 4 = 13. Let u be (x - 0) + 12/4. What is the units digit of -3 + 0 + (u - 1)?
6
Suppose 3*b = 3*z - 27, 0 = -3*z - b + 30 + 9. Suppose 14 = z*y - 11*y. What is the units digit of y?
4
Let d be -1 + 1/((-1)/(-22)). Let z be 1/(d/18)*21. Suppose 4*b - 46 = -z. What is the units digit of b?
7
Suppose -z + 4*n + 8 = 0, 6*z - 2*z - 4*n = 20. Suppose 580 = 5*d + z*f, -5*d + 116 + 464 = f. What is the tens digit of d?
1
Let o(s) = -s**3 - s**2 + 7*s + 9. Let i be o(-3). Suppose -i*l + 1140 = -l. What is the tens digit of l?
2
Suppose -2*r + 2068 = 3*q, 2*q + q - 4148 = -4*r. What is the hundreds digit of r?
0
Suppose -213 - 217 = -r + 4*w, -2150 = -5*r + 2*w. What is the tens digit of r?
3
Suppose -8*f + 3*p = -4*f - 26, -3*f - 5*p = -34. What is the units digit of f?
8
Let f(n) be the first derivative of 13*n**4/4 + n**3/3 - n**2 + n + 4. What is the tens digit of f(2)?
0
Suppose -y + 4*t - 3*t = -777, -5*t + 3875 = 5*y. What is the units digit of y?
6
Let h(j) = 92*j + 7. What is the tens digit of h(1)?
9
Let j = -47 - -471. What is the units digit of j?
4
Let a be (-5)/(10/(-8)) - 1. Suppose 0 = a*v + 3*o - 288, -2*v + 76 + 119 = -o. Suppose 5*u - v = -2*x, u + 0 = 5. What is the tens digit of x?
3
Suppose -5*q - 1 + 11 = 0. Suppose o = 4*f + 46, -5*f + 28 = 3*o - q*o. Suppose 0 = 4*t - 2 - o. What is the tens digit of t?
1
Let j = 8 - 5. Suppose -x + 5 = -3*a + 4*x, -27 = -j*a - 3*x. What is the units digit of a?
5
Let d = -34 - -64. Let c be (-2)/4*d/(-5). Suppose -4*t = -c*t - 4*z - 46, 16 = -4*z. What is the tens digit of t?
3
Let j(r) = -r**2 + 8*r + 5. Let s be j(6). Let u = 60 + -55. Suppose -3*g - 95 = -u*x, 0*x + x - s = g. What is the tens digit of x?
2
Suppose 7*c - 2518 = -4*w + 8*c, c - 1256 = -2*w. What is the hundreds digit of w?
6
Suppose 3*d + 3*l = -460 - 131, 0 = -d + 3*l - 177. Let o = d - -309. What is the units digit of o?
7
Suppose -5*x - 2*q = -10, 5*x + 3*q = 2*x - 3. Let j(s) = -s**3 - 20*s**2 + 22*s + 15. Let u be j(-21). What is the units digit of u/x*208/(-12)?
6
Let b = -6 - -11. Suppose 0 = -2*t + 2*o + 8, b*o - 8 = -5*t + 4*o. What is the units digit of (28/35)/(t/15)?
6
Let p(x) = 13*x**2 + 11*x + 33. What is the hundreds digit of p(-5)?
3
Suppose 8*v - 104 - 168 = 0. What is the units digit of v?
4
Let x(k) = -51*k - 10. Let v be x(-7). Let i = -197 + v. What is the units digit of i?
0
Let q = 4145 + -2358. What is the thousands digit of q?
1
Let i = 2374 - 512. What is the units digit of i?
2
Suppose 0 = -5*w + u - 17, 3*u = -w - 4*w - 9. Let n = w + 3. Suppose -h + a - 6 + 46 = n, h - 5*a = 44. What is the units digit of h?
9
Let b(w) = 32*w**2 + 4*w - 5. Suppose 3*r - 2 = -4*d + 2*d, 0 = -d + 4*r + 1. What is the units digit of b(d)?
1
Suppose -2*z = -x - 3 - 9, -3*x = 3*z - 27. Let q = z - 2. Let k(g) = 6*g + 1. What is the units digit of k(q)?
1
Suppose -2*h = -3*h - 96. Let q = -45 - h. Let f = 89 - q. What is the tens digit of f?
3
Let x = -647 - -1321. What is the tens digit of x?
7
Let s(t) = -15 - 12*t + 6*t**2 + 26 - 7*t**2. What is the units digit of s(-12)?
1
Let i(t) = -t**2 - 33*t + 11. What is the tens digit of i(-23)?
4
Suppose 0 = -5*m + 10 - 0. Suppose 0 = 3*q - 2*u - m*u + 14, -4*q = -5*u + 19. What is the units digit of 18 - (-4)/(8/q)?
5
Suppose 0 = 4*o + 4*n - 8, 0*o - 3*n = -5*o + 10. Suppose 15 = w + 4*l - 15, w + o*l - 20 = 0. What is the tens digit of w?
1
Let y(p) = -p**3 + 12*p**2 - 10*p - 10. Let g(f) = f**2 + 3*f - 7. Let a be g(-6). Let n be y(a). Let h(q) = 16*q**3 - 2*q + 1. What is the tens digit of h(n)?
1
Let o = -1 + 6. Suppose -2*s + 4*w - 2*w + 12 = 0, 5*w + 12 = -4*s. Suppose 0 = s*h - 21 - o. What is the units digit of h?
3
Let t(j) = 5*j**2 + 4*j + 4. Let b be t(-2). Suppose 5*h - 44 = b. Suppose -60 = -h*y + 7*y. What is the tens digit of y?
1
Suppose 0*b + 3*d - 81 = -3*b, 0 = 5*b + 3*d - 143. Let u = b + 27. What is the units digit of u?
8
Suppose -32 = -4*p + 404. Suppose 5*r + 130 = 4*m, -r + p = 3*m + r. What is the tens digit of m?
3
Let u = -255 - -1631. What is the hundreds digit of u?
3
Let l(p) = -2*p**3 + 3*p**2 - 4*p + 2. Let s be l(1). Let b(d) = -17*d - 1. What is the units digit of b(s)?
6
Let g be (-3 - 123/9)*-30. Suppose 7*l - g = 3*l. Let a = l - 68. What is the units digit of a?
7
Let n be ((-6)/(-21))/(3/126*3). What is the t